*j + 5 + 3*j. Determine n(4).
1
Let j(s) be the third derivative of s**5/60 - s**4/24 + 7*s**3/6 + s**2. Let t(c) = -2*c + 12. Let x be t(6). Give j(x).
7
Let m be (0*2/(-2))/1. Let v(q) = -q - 1. Suppose 2*t - 4*r - 6 = 0, 4*t = -t - 2*r + 15. Let u(j) = j + 2. Let x(d) = t*v(d) + 4*u(d). What is x(m)?
5
Suppose -l = 0, 5*f - 2*f - 12 = 3*l. Suppose -d + f*d = 12. Let c(v) = 4 + 4 - d - 2*v. What is c(5)?
-6
Suppose 4*a = -4*o, 5*o + 12 = 4*a + 3*o. Let u(l) = l**2 - 2*l + 3. Determine u(a).
3
Suppose 29 = 2*z + 5*v, 6*v - 4 = 3*z + 4*v. Let i(l) = l**2 - 2*l. Calculate i(z).
0
Let s(c) = 5 - 5*c**2 - 4*c + c**3 - 2*c + 0 + 4*c. Calculate s(5).
-5
Let d(t) = -55*t**3 - 4 + 107*t**3 + t - 53*t**3 + 4*t**2. Determine d(4).
0
Suppose -3*h - 110 + 89 = 0. Let x(s) = 4*s - 3. What is x(h)?
-31
Let u(t) = 9*t**2 - 4*t + 5. Let q(o) = 8*o**2 - 3*o + 4. Let g(f) = 7*q(f) - 6*u(f). Let x be (-1 - -1)/(0 + 2). Suppose x*w - 6 = 2*w. Give g(w).
7
Let w = 7 - 3. Let l be ((-1)/5)/(w/(-20)). Let j(b) = 10*b**2 + 2*b - 1. Give j(l).
11
Let n(p) = p + 3. Suppose -r + 7 - 16 = 0. Let l be n(r). Let b(f) = f**2 + 7*f + 3. Determine b(l).
-3
Let n(x) = 17*x**2 - 19*x**2 + 5 - 2*x - 4 + 0. Give n(1).
-3
Let v(s) = -s**2 + s. Let h(k) = 2*k**2 - 9*k + 3. Let g(f) = -h(f) - v(f). Let d be g(7). Let m(t) = -t**3 + 4*t**2 + t - 1. What is m(d)?
3
Let p = 8 + -5. Suppose -12 = -3*a - 2*n, 0 = 5*a + n - p*n - 36. Let o(q) = -q**3 - 5*q + 3*q - 5*q + 3 + 7*q**2. Determine o(a).
-3
Let b(f) = 10*f - 7. Let k(l) = -5*l + 4. Let n(q) = 3*b(q) + 5*k(q). What is n(2)?
9
Let n = 51 + -56. Let p(u) be the second derivative of -u**4/12 - u**3/2 + 5*u**2/2 + u. Give p(n).
-5
Let c(x) be the second derivative of -x**4/4 + 2*x**3/3 - 3*x**2/2 + x. Suppose 3*r = 2*k + 3 + 1, 0 = 3*r + k - 7. Suppose 2*w - 3*w = -r. Give c(w).
-7
Let k(r) = -7*r**2 - 2*r - 2. Let g be k(-1). Let d(c) = -c + 6. Calculate d(g).
13
Let n(q) be the first derivative of -q**2/2 - q + 1. Let o(m) = 4 + 2*m + 3*m**2 + 2 + 5*m - 2*m**2. Let t be o(-6). Determine n(t).
-1
Let i(m) = m**2 - m - 2. Suppose 0*f + 3*f - c = 8, -2*c = -4*f + 8. Give i(f).
10
Let d be 4/(-18) - 43/9. Let f = d + 5. Suppose f = -3*h + 5 - 2. Let b(l) = l**3 + l. What is b(h)?
2
Let w(h) = -h. Let a be ((1 + -2)*0)/(-4). Give w(a).
0
Let g(m) = -19*m**2 - 3 + 7*m**2 + 5*m**2 + 5*m + 5*m**2. Determine g(3).
-6
Let h(o) be the second derivative of 0 - 3*o - 1/3*o**3 + 3/2*o**2. Let u be (-2 - (-11)/4)*4. Determine h(u).
-3
Let f(p) = -3*p**2 + 2*p + 4. Let x(u) = 2*u**2 - 2*u - 3. Let k(z) = 3*f(z) + 4*x(z). Determine k(-3).
-3
Let x(c) be the first derivative of c**2 + c - 16. Calculate x(-2).
-3
Let c(k) be the second derivative of -k**3/6 + 7*k**2/2 - 42*k. Give c(0).
7
Let n(z) = 3*z - 6. Let q be n(4). Let y(c) = 4 - q*c + 7*c - 2*c. Calculate y(6).
-2
Let m(p) = p**2 - 5*p - 4. Suppose -5*d + 13 = -17. Determine m(d).
2
Let s(d) be the second derivative of 3/2*d**2 + 0 - 2/3*d**3 - 1/12*d**4 + 2*d. Calculate s(-5).
-2
Suppose -5*g + x = -17, 8*x = -4*g + 3*x + 2. Suppose 3*s - 5*t = -7, -g*s + 20 = t - 3. Let h(q) = -q**2 + 8*q - 9. Give h(s).
3
Let y(v) = 2*v**2 + 6*v**2 - v - 7*v**2. Give y(0).
0
Let f be (-1)/(-3) - (-5)/3. Let w(m) = -3*m**2 + 4*m - 3. Determine w(f).
-7
Let j be 1 + -1 + 0 + 2. Let b(h) be the first derivative of -h**4/4 + h**3/3 + h**2/2 + 2*h - 1. Determine b(j).
0
Let a(j) be the second derivative of j**3/6 - 7*j**2/2 - j. Suppose 2*g = -3*g + 10. Suppose -3*r + g*u + 3*u + 7 = 0, 0 = -3*r + u + 11. Calculate a(r).
-3
Let g(j) = j - 8. Let n be 12/48 - (-27)/4. Determine g(n).
-1
Let z(r) = -15*r**3 + 3*r**2 + 27*r + 19. Let n(o) = -7*o**3 + o**2 + 13*o + 9. Let q(l) = -13*n(l) + 6*z(l). What is q(-6)?
3
Let u(t) = -t**2 - 5*t - 3. Suppose 0 = -2*z + 3*z - 31. Suppose -h = -a + 2, 2*a + z = -3*h + 10. What is u(a)?
3
Let n(u) = -3*u + 15. Let i(t) = -t + 1. Let x(y) = -5*i(y) + n(y). Determine x(-8).
-6
Let w be (-2 + (-4 - 0))/(-2). Let g(c) = c - 5*c + w + c. Determine g(2).
-3
Let r(z) = 2*z**3 - 6*z**2 - 9*z + 6. Let l be r(4). Let q(g) be the first derivative of 3/2*g**2 + 1 + 1/3*g**3 - g - 1/2*g**4. Determine q(l).
-7
Suppose 3*q = 5 + 16. Let g(t) be the third derivative of -t**6/120 + t**5/10 + t**4/3 - t**3/3 - 15*t**2. What is g(q)?
5
Let q be ((-1)/(-3))/((-3)/(-45)). Let i(c) = 7 + 3*c**2 - 7*c - q*c**2 + 3*c**2. Give i(6).
1
Let w(s) = -s. Let a = 7 + -7. Suppose 2*o - 6 = -a*o. Calculate w(o).
-3
Suppose 0 = -n - 3*n + 8. Let x(g) = 0 - 6 - n + g - 1. What is x(0)?
-9
Let v(n) = -4 - 2*n**2 + 5*n - 2 + 2. Let s(k) = -k**2 + 21*k - 35. Let y be s(19). Calculate v(y).
-7
Let v(n) = -70*n + n**2 - 1 - 65*n + 208*n - 67*n. Give v(-6).
-1
Let h(t) = -t**2 + 6*t + 4. Let x be h(7). Let q(o) = 3*o - 4. Give q(x).
-13
Let k(i) = -i + 5. Let o be k(5). Let n(y) = 0*y - 1 + o*y + 3*y. Suppose 0 = -3*h + 5*h + 6. What is n(h)?
-10
Let x(s) = 5*s + 6. Let o(q) = 7*q + 7. Let h(y) = 4*o(y) - 5*x(y). Calculate h(4).
10
Let l(o) be the third derivative of o**4/12 - 3*o**3/2 + 2*o**2 - 7. Let r = -7 + 13. Give l(r).
3
Let b be 1 + (1 - -1) - 10. Let t(p) = -2*p - 2. Calculate t(b).
12
Let b(d) be the first derivative of -5*d**2/2 - 3*d + 34. Determine b(-3).
12
Let c(j) be the third derivative of -j**6/120 - j**5/60 + j**4/24 - 3*j**3/2 - 4*j**2 + 9*j. What is c(0)?
-9
Suppose -h = -2*w + 4, 0 = 3*h - h + w + 13. Let a(p) = p**3 + 4*p**2 - 4*p + 7. Let b(z) = -z**2 + z. Let f(y) = -a(y) + b(y). Give f(h).
-1
Let h(q) be the second derivative of 5/6*q**3 + 0 + 3*q + 3/2*q**2. Determine h(-3).
-12
Let x(m) = 0*m - 6*m + 5*m. Let o(t) = -t + 4. Let v be o(4). Suppose -w = -5*z - 13, v = -z + 5*w - 4 - 13. What is x(z)?
2
Let j(n) = n**3 + 6*n**2 - 9*n + 1. Let x = 8 + -15. Calculate j(x).
15
Let k be ((-6)/3)/(-2) + 1. Suppose k*n + 17 = 4*c - n, -3*n - 15 = -3*c. Let s(q) = -2*q**2 + 2 + 3*q**2 - 6*q + 2*q**2 - c*q**2. Give s(5).
-3
Let k(v) be the third derivative of v**4/24 - 2*v**3/3 + 11*v**2. Give k(6).
2
Let y(r) = r**2 - 1. Let a(u) = u + 3. Let m be a(-3). What is y(m)?
-1
Let w(g) = 0*g - g - 10 + 5. Give w(-5).
0
Let u(v) be the second derivative of -v**5/20 - v**4/12 + 11*v**2/2 + v. What is u(0)?
11
Suppose 0 = 2*d + 3*d. Suppose -25 = 5*f + 2*m, 0 = -d*f + 5*f - m + 10. Let t(u) = u**3 + 5*u**2 + u - 2. What is t(f)?
13
Let j be -1 - (-1 - 8)/(-1). Let n = j - -14. Let z(p) = -2*p**2 - 3 + p + n - 3. What is z(2)?
-8
Let w(q) = -q**3 + 5*q**2 + 5*q + 7. Let f be w(6). Let o(u) be the third derivative of u**4/6 + 4*u**2. Determine o(f).
4
Let q = -5 - -9. Let w be (-2)/(-9) - (-122)/18. Let m(z) = z**2 + 7 - q - w*z + 4. Give m(5).
-3
Let z(s) = s - 3. Suppose 40 = 5*o - 5*r, o = 2*r + 8 + 4. Suppose 2*h = -2*h + 4*y + 16, 2*y + 18 = o*h. Calculate z(h).
2
Let f(w) = -w**2 - 6*w + 8. Let i = 38 + -45. What is f(i)?
1
Let s be (-1 - 2)*2/2. Suppose 2*x = -p - 1, 0*p + p = -5. Let r(k) = -k**3 - 4*k**3 + 3*k + 4*k**3 - 2*k**x + 2. What is r(s)?
2
Let b be (3 - (-1)/1)/1. Let o(s) = -2*s**2 - 3*s + 8. Let t(k) = k**2 + 3*k - 7. Let d(f) = -2*o(f) - 3*t(f). Calculate d(b).
9
Let o(v) be the third derivative of -v**4/12 - v**3/3 + 8*v**2. What is o(3)?
-8
Let v(x) = 2*x**2 + 2*x + 2. Let b(l) = 3*l**2 + 2*l + 2. Let u(p) = 3*b(p) - 4*v(p). Let n(s) be the first derivative of u(s). Calculate n(5).
8
Suppose 12 - 28 = -4*p. Suppose -3*q = -6*q. Let m(r) = 8 - p + r + q*r. What is m(0)?
4
Let v(l) be the second derivative of l**4/6 - l**3/3 - l**2 - l. Suppose -33 - 2 = 5*r. Let f = -5 - r. Give v(f).
2
Suppose 0*v + 4*v - 8 = w, 2*v - 4 = -w. Suppose 4 = v*n + 2. Let u(g) = -11*g - 1. Calculate u(n).
-12
Let q(h) = 14*h + 15. Let j(t) = 9*t + 10. Let z be -4 - (-4)/(16/36). Let c(f) = z*q(f) - 8*j(f). Give c(-5).
5
Let j(k) = k + 1. Let x(p) = -p + 10. Let v be x(-11). Let f = v + -16. What is j(f)?
6
Let d(a) = a**3 + a**2 - a. Let z(t) = 4*t**3 + t**2 - 2*t. Let u(s) = -5*d(s) + z(s). What is u(-4)?
-12
Let r be 4/12 - 14/(-3). Let i(k) = 3*k - 5 + 3*k - r*k. What is i(6)?
1
Let n(u) = u**3 - 6*u**2 + u - 3. Let r be n(6). Let v(k) = 5*k**2 - 1 + 38*k - 2*k**r - 37*k + k**3. What is v(5)?
4
Let h(l) = l + 5. Let u be h(0). Suppose u*z - 40 = -15. Let r(f) = -f**2 + 6*f - 7. What is r(z)?
-2
Let